 609, -483 = -6*v + 2*v - 3*y. Let p = v + f. Is p prime?
False
Suppose -4*s + 25 = 5. Let l(z) = z**3 - 7*z**2 + 6*z - 1. Let p be l(s). Is ((-184)/6*p/2)/2 a prime number?
False
Suppose 4*d = -y + 25727, -3*y = -32 + 47. Is d a composite number?
True
Suppose 2*a = 35 + 55. Suppose -a = -7*v + 2*v. Suppose 5*h + 4628 = v*h. Is h prime?
False
Let t(r) = -253*r + 39623. Is t(0) a prime number?
True
Is (((-15789207)/(-126))/(2/16))/(72/54) a prime number?
True
Let w = -390 - -390. Suppose 5*g + 6*t = 5*t + 19420, w = g + 5*t - 3908. Is g prime?
False
Let s(j) = j**3 - 5*j**2 - 6*j + 2. Let i be s(6). Let p(w) = -w**3 + 4*w**2 - 6*w + 3. Let n be p(i). Let y(d) = 307*d**2. Is y(n) a composite number?
False
Let l be (-3)/2*(7 - (-3222)/2). Let o = 3196 - l. Is o a composite number?
False
Suppose 1154*c = 1150*c - 4*v + 904872, -5*v = -5. Is c a composite number?
False
Let y(k) = -k**2 + 4*k - 1. Let x be y(2). Let t(z) = -13 + 206*z + 81*z + 295*z - 83*z - 67*z. Is t(x) prime?
True
Let m(d) = -d**2 - 7*d + 99. Let s be m(-14). Is (3 - 8)/(s/(-107)) a prime number?
False
Is 199 + -193 - (54588/(-2) + 1) prime?
True
Is ((-1)/(-3))/((-276)/207*1/(-200132)) a prime number?
True
Suppose -3*i = j + 15, 8*j - 5*j + 65 = -5*i. Let g(q) = -53*q + 5. Let n be g(-3). Let w = n + j. Is w composite?
True
Suppose -2*z = 3*i - 11, 2*i - 2 - 8 = -2*z. Suppose -6259 = -q - 2*c + c, z*q + 3*c - 25037 = 0. Suppose 5*s - s = q. Is s a prime number?
False
Suppose 225 = 10*q - 45. Suppose -q = -8*f + 5. Suppose -f*b + 2*b = -2098. Is b a prime number?
True
Let m = -51529 - -417642. Suppose -m - 145819 = -12*w. Is w a prime number?
False
Let s = -52 + 60. Suppose m - s = -12. Is ((-214)/(-6))/((-105)/27 - m) a prime number?
False
Suppose -27*g + 9619 + 16598 = 0. Is g prime?
True
Let u = -48511 - -85398. Let f = 65158 - u. Is f a composite number?
True
Is (-10)/(-4)*-2*(8 - 25585) a prime number?
False
Let f(y) = -25*y**3 - 767*y**2 + 17*y + 56. Is f(-37) a prime number?
False
Is (-2)/15*149482083/(-92) - (-6)/20 a prime number?
True
Suppose 37*a - 64278830 + 13740271 = 0. Is a a prime number?
True
Suppose -r = r + 12. Let m = -1997 + 1995. Is (-132)/r*(-1)/m composite?
False
Suppose 0 = -0*q + 5*q + a, 0 = 5*q - 2*a + 15. Suppose -l + 6 = 3*f, -l - 7*f + 2*f = -12. Is ((-48)/(-32))/(q*l/1486) composite?
False
Is (-18 - (-21 - 512997)) + -17 a composite number?
True
Let a = 406 + -410. Is ((-3651)/a)/(-9*6/(-144)) a composite number?
True
Suppose -3555584 = -199*n + 2262977. Is n a composite number?
True
Suppose g - 9219 = 4*j, 10387 = g + 2*j + 1150. Suppose -358*l = -355*l - g. Is l a prime number?
False
Is 4756775/21 + 161/(-147) + 1 a composite number?
True
Let g(b) = 8*b + 9. Let p be g(-2). Suppose 5 = -2*z + 3*z. Is p + 3 + (z - -37) a composite number?
True
Let s = 22 + -19. Suppose -s*u = 4*g - 10, -5*u - 14 = 2*g - 3*g. Suppose -g*h + 3934 = -9718. Is h prime?
True
Is 13/(-39)*6 - (1 + -4 + -765852) a prime number?
False
Let s = -30406 + 81662. Suppose -5*v + s - 12152 = 3*z, -v = 2*z - 26067. Is z a composite number?
False
Is (-3)/7 - ((-26325882)/462 - (0 - -4)) a composite number?
True
Let h = 46655 + -15610. Suppose -13877 - h = -2*s. Is s a composite number?
True
Let w = -37658 - -14832. Let n = -16023 - w. Is n a prime number?
True
Let k(y) = y**3 + 32*y**2 - 20*y - 35. Let b = -439 + 413. Is k(b) a prime number?
False
Suppose 530*b - 12680 = 490*b. Let z(r) = 33*r - 1. Let o be z(5). Let j = b + o. Is j composite?
True
Is (32/(-24))/(-3 + 8179495/2726505) a prime number?
False
Let v be (150/(-21))/(4/(-14)). Let l(m) = 760*m + 15. Is l(v) a composite number?
True
Suppose -2*u + 11 = -0*u + m, -3 = 4*u - 3*m. Suppose -j = -u*x - 12, 48 = 3*j - 0*x - 5*x. Suppose -3*s = -h + 26, j = h - 0*s + 2*s. Is h composite?
False
Let w = -8061 + 12158. Is w a prime number?
False
Let b = -81791 - -132452. Let s = -36094 + b. Is s composite?
True
Suppose 17*c = 706367 + 1021088. Is c prime?
False
Let m = -1050157 + 1795112. Is m prime?
False
Suppose 25861 = l + 2*a - 159049, -2*l - 2*a + 369828 = 0. Is l prime?
False
Let f = -40 - -55. Suppose -4*l - 2*v + 6 = 0, 0*l - 5*v = -3*l - f. Suppose l = -11*q - 3934 + 30015. Is q a prime number?
True
Let t be -2*(-2)/(-6) + 14/(-6). Let c(g) = -475*g**3 + 3*g**2 + 2*g - 1. Let w be c(t). Is w/10 + (-1)/(-2) prime?
False
Suppose 3*a = 3*v - 39, 3*v = a + 27 + 4. Let t be (-2)/3*v/(-6). Suppose -t = b, -4*x + 4*b = 2*b - 5598. Is x a composite number?
False
Let y = -288 + 1116. Let j = -509 + y. Is j composite?
True
Suppose -2*t - 3 = -3*b - 63, -5*t = 0. Let w(v) be the first derivative of -10*v**2 - 63*v - 4. Is w(b) prime?
True
Suppose 6*v + 1312 + 1928 = 0. Let d = -203 - v. Is d composite?
False
Let g = -188 + 246. Is (g + -56)*2/(-4)*-1721 prime?
True
Let c be 1634/4 - 1/(-2). Let z = 553 - 828. Let m = c + z. Is m prime?
False
Let o = -18115 - -25451. Let z = o + -4173. Is z a prime number?
True
Suppose -86*y - 12370 = -76*y. Let q = y + 2208. Is q a composite number?
False
Let s(c) = -634*c - 55. Suppose 87*n + 6 = 85*n. Is s(n) a prime number?
True
Let z = -1104 - -2251. Suppose 3*k = -2*k - 4*y - z, -5*k = -2*y + 1159. Let g = k + 494. Is g a prime number?
True
Let z(c) = 17 - 3*c + 19*c + 15*c. Let u be z(-4). Let k = 1476 - u. Is k a composite number?
False
Let s(o) be the first derivative of -43*o**4/4 - 11*o**3/3 - 3*o + 37. Is s(-4) a composite number?
True
Suppose -2*m = -2*y, 4*y - 5 = -4*m + 7*m. Suppose -686 = -m*j - 51. Is j a composite number?
False
Let p(d) = 18606*d - 2959. Is p(46) a composite number?
True
Let l be 2754/8 - 3/(-4). Suppose 3*v = 8*v + 1090. Let n = l + v. Is n composite?
False
Suppose 4*c - 143483 = -x + 151998, -4*x + 1182108 = -7*c. Is x a composite number?
False
Suppose 7*v = -12*v - 38. Let p(o) = 286*o**2 - 8*o - 9. Is p(v) composite?
False
Is 5 + (12/(-114) - (-7283238)/57) composite?
False
Let z(r) be the third derivative of -r**6/20 + 3*r**5/20 - 5*r**4/8 - 29*r**3/6 + 2*r**2 - 4*r. Is z(-8) a prime number?
True
Let l(a) = a**2 - 43*a - 29. Let r be l(44). Suppose 0 = -9*v + r*v - 60222. Is v prime?
True
Let y(g) = -g**3 - 13*g**2 - 15*g + 8. Let x(b) = 2*b**3 + 27*b**2 + 30*b - 16. Let z(q) = -6*x(q) - 13*y(q). Is z(15) prime?
True
Let g(b) = 16*b**3 + 12*b**2 - 130*b - 5. Is g(17) a composite number?
False
Suppose -79 = -10*a + 1. Let h be 2/a*(-2 + 10). Suppose -2*w + 712 = b - 287, -h*w = -2*b + 2028. Is b a prime number?
True
Suppose 12 = k + 2*r, -36 = -0*k - 5*k - 4*r. Let a be (-1)/k + (-36743)/(-28). Suppose 0 = 4*z - 3*c - 3449, 0 = -4*z - 5*c + a + 2145. Is z composite?
False
Suppose 0*c + 5*c - 114802 = 3*i, 5*c + 3*i - 114808 = 0. Is c prime?
True
Suppose 5*u = -d + 1920, 3*d - 5*u + 4*u - 5696 = 0. Suppose -2*m + 19482 = d. Is m a composite number?
True
Let y(l) = -2*l**2 + 8*l + 4. Let f be y(4). Suppose 25 = -5*x, 2*x - f*x = d - 9. Suppose -17*t - 582 = -d*t. Is t prime?
False
Let h(j) = -j**2 - 6*j - 6. Let o be h(-2). Suppose -x + o*l + 11 = 0, -2*x - 5*l - 7 = 16. Is ((-2)/(-2))/(x/1847) composite?
False
Let n(f) = -10*f - 33. Let y be n(-3). Is (-2 - (-18699)/9)/(y/(-9)) a prime number?
False
Suppose -3 = -3*t, 3*p = 2*t + t + 9. Suppose 4*o - p*m = -332, -2*o - 5*m + 0*m = 173. Is (7/(o/(-40)))/(4/1362) a composite number?
True
Let r = 8504 + 1163. Is r a composite number?
True
Let a = -24137 + 65008. Is a composite?
True
Suppose -7680 = 6*k + 9210. Let o = k + 9552. Is o a prime number?
True
Let g(t) = -42*t**3 + 10*t**2 - 29*t + 38. Is g(-23) a composite number?
True
Suppose r - 4 = a, -2*r - 3 - 5 = 0. Is (-60)/a*(-1354)/(-3) prime?
False
Let a(w) = -8*w + 103. Let x be a(12). Suppose 12*y - 2*i = x*y + 18597, y = 5*i + 3724. Is y a prime number?
True
Suppose 48 = -4*x + 16*x. Suppose 4*m - 3*f = 12099, 2*m + x*f - f - 6045 = 0. Let w = m + -1543. Is w a composite number?
False
Let v(f) = 54320*f - 14123. Is v(15) a composite number?
False
Suppose 76846 = 4*b + 3*r, 6*r + 38378 = -3*b + 5*b. Is b a composite number?
False
Suppose 15188 = 4*y + 4*a, -12019 = -5*y - a + 6986. Is y prime?
False
Let k(x) be the third derivative of 13*x**5/30 - x**4/3 - 17*x**3/6 - x**2. Let b = 5087 + -5077. Is k(b) a prime number?
True
Let p = -742332 - -1287661. Is p 